{"id":205,"date":"2018-07-17T08:41:24","date_gmt":"2018-07-17T08:41:24","guid":{"rendered":"http:\/\/buss.ase.ro\/?page_id=205"},"modified":"2020-07-07T06:51:47","modified_gmt":"2020-07-07T06:51:47","slug":"disertatie","status":"publish","type":"page","link":"http:\/\/buss.ase.ro\/index.php\/student\/disertatie\/","title":{"rendered":"Disertatie"},"content":{"rendered":"<div id=\"pl-205\"  class=\"panel-layout\" ><div id=\"pg-205-0\"  class=\"panel-grid panel-no-style\" ><div id=\"pgc-205-0-0\"  class=\"panel-grid-cell\" ><div id=\"panel-205-0-0-0\" class=\"so-panel widget widget_sow-editor panel-first-child panel-last-child\" data-index=\"0\" ><div\n\t\t\t\n\t\t\tclass=\"so-widget-sow-editor so-widget-sow-editor-base\"\n\t\t\t\n\t\t>\n<div class=\"siteorigin-widget-tinymce textwidget\">\n\t<div class=\"siteorigin-widget-tinymce textwidget\">\n<div id=\"pgc-822-0-0\" class=\"panel-grid-cell\">\n<div id=\"panel-822-0-0-2\" class=\"so-panel widget widget_sow-editor panel-last-child\" data-index=\"2\">\n<div class=\"so-widget-sow-editor so-widget-sow-editor-base\">\n<h3 class=\"widget-title\">Tematica lucrarilor de disertatie 2020-2021<\/h3>\n<div class=\"siteorigin-widget-tinymce textwidget\">\n<h5><strong>Business, Stiintele Consumatorului si Managementul Calitatii<\/strong><\/h5>\n<p><a href=\"http:\/\/bt.ase.ro\/wp-content\/uploads\/2020\/04\/LISTA_teme_DISERTATIE_2020-2021_BSCMC_ro.pdf\"><strong>Te<\/strong><strong>matica lucr\u0103rilor de diserta\u021bie pentru anul universitar 2020 \u2013 2021\u00a0<\/strong><\/a><\/p>\n<p><a href=\"http:\/\/bt.ase.ro\/wp-content\/uploads\/2020\/04\/LISTA_teme_DISERTATIE_2020-2021_BSCMC_engleza.pdf\"><strong>Tematica lucr\u0103rilor de disertatie pentru anul universitar 2020 \u2013 2021 (\u00een limba englez\u0103)<\/strong><\/a><\/p>\n<h5><strong>Turism si Geografie<\/strong><\/h5>\n<p><strong><a href=\"http:\/\/bt.ase.ro\/wp-content\/uploads\/2020\/04\/Teme_disertatie_2020-2021_DTG.pdf\">Tematica lucr\u0103rilor de diserta\u021bie pentru anul universitar 2020- 2021<\/a>\u00a0<\/strong><\/p>\n<\/div>\n<\/div>\n<\/div>\n<\/div>\n<div id=\"pgc-822-0-1\" class=\"panel-grid-cell\">\n<div id=\"panel-822-0-1-0\" class=\"so-panel widget widget_sow-editor panel-first-child panel-last-child\" data-index=\"3\">\n<div class=\"so-widget-sow-editor so-widget-sow-editor-base\">\n<div class=\"siteorigin-widget-tinymce textwidget\">\n<p>&nbsp;<\/p>\n<p>&nbsp;<\/p>\n<\/div>\n<\/div>\n<\/div>\n<\/div>\n<\/div>\n<\/div>\n<\/div><\/div><\/div><div id=\"pgc-205-0-1\"  class=\"panel-grid-cell\" ><div id=\"panel-205-0-1-0\" class=\"so-panel widget widget_sow-editor panel-first-child panel-last-child\" data-index=\"1\" ><div\n\t\t\t\n\t\t\tclass=\"so-widget-sow-editor so-widget-sow-editor-base\"\n\t\t\t\n\t\t>\n<div class=\"siteorigin-widget-tinymce textwidget\">\n\t<h3 class=\"widget-title\">VERIFICARE ANTIPLAGIAT 2019-2020<\/h3>\n<div class=\"siteorigin-widget-tinymce textwidget\">\n<p><a href=\"http:\/\/bt.ase.ro\/index.php\/verificarea-antiplagiat-a-lucrarilor-de-licenta-si-a-disertatiilor-studentii-din-promotia-curenta\/\"><strong>Procedur\u0103 verificare ANTIPLAGIAT 2019 - 2020<\/strong><\/a><\/p>\n<\/div>\n<p>&nbsp;<\/p>\n<p>&nbsp;<\/p>\n<\/div>\n<\/div><\/div><\/div><\/div><\/div>","protected":false},"excerpt":{"rendered":"<p>Tematica lucrarilor de disertatie 2020-2021 Business, Stiintele Consumatorului si Managementul Calitatii Tematica lucr\u0103rilor de diserta\u021bie pentru anul universitar 2020 \u2013 2021\u00a0 Tematica lucr\u0103rilor de disertatie pentru anul universitar 2020 \u2013 2021 (\u00een limba englez\u0103) Turism si Geografie Tematica lucr\u0103rilor de<\/p>\n","protected":false},"author":1,"featured_media":0,"parent":39,"menu_order":0,"comment_status":"closed","ping_status":"closed","template":"","meta":{"footnotes":""},"class_list":["post-205","page","type-page","status-publish","hentry"],"_links":{"self":[{"href":"http:\/\/buss.ase.ro\/index.php\/wp-json\/wp\/v2\/pages\/205","targetHints":{"allow":["GET"]}}],"collection":[{"href":"http:\/\/buss.ase.ro\/index.php\/wp-json\/wp\/v2\/pages"}],"about":[{"href":"http:\/\/buss.ase.ro\/index.php\/wp-json\/wp\/v2\/types\/page"}],"author":[{"embeddable":true,"href":"http:\/\/buss.ase.ro\/index.php\/wp-json\/wp\/v2\/users\/1"}],"replies":[{"embeddable":true,"href":"http:\/\/buss.ase.ro\/index.php\/wp-json\/wp\/v2\/comments?post=205"}],"version-history":[{"count":15,"href":"http:\/\/buss.ase.ro\/index.php\/wp-json\/wp\/v2\/pages\/205\/revisions"}],"predecessor-version":[{"id":293,"href":"http:\/\/buss.ase.ro\/index.php\/wp-json\/wp\/v2\/pages\/205\/revisions\/293"}],"up":[{"embeddable":true,"href":"http:\/\/buss.ase.ro\/index.php\/wp-json\/wp\/v2\/pages\/39"}],"wp:attachment":[{"href":"http:\/\/buss.ase.ro\/index.php\/wp-json\/wp\/v2\/media?parent=205"}],"curies":[{"name":"wp","href":"https:\/\/api.w.org\/{rel}","templated":true}]}}