{"id":33,"date":"2024-07-09T08:44:55","date_gmt":"2024-07-09T08:44:55","guid":{"rendered":"http:\/\/buss.ase.ro\/?page_id=33"},"modified":"2025-01-20T11:18:44","modified_gmt":"2025-01-20T11:18:44","slug":"admitere","status":"publish","type":"page","link":"http:\/\/buss.ase.ro\/index.php\/admitere\/","title":{"rendered":"Admitere"},"content":{"rendered":"<div id=\"pl-33\"  class=\"panel-layout\" ><div id=\"pg-33-0\"  class=\"panel-grid panel-no-style\" ><div id=\"pgc-33-0-0\"  class=\"panel-grid-cell\" ><div id=\"panel-33-0-0-0\" class=\"so-panel widget widget_sow-editor panel-first-child panel-last-child\" data-index=\"0\" ><div\n\t\t\t\n\t\t\tclass=\"so-widget-sow-editor so-widget-sow-editor-base\"\n\t\t\t\n\t\t><h3 class=\"widget-title\">Admitere 2025<\/h3>\n<div class=\"siteorigin-widget-tinymce textwidget\">\n\t<blockquote>\n<p>Anul acesta, examenul pentru admiterea la Masterat se organizeaz\u0103 cu prezen\u021b\u0103 fizic\u0103 \u00een s\u0103lile ASE.<br \/>\nConsult\u0103 <a href=\"https:\/\/ase.ro\/admitere\/masterat\/\" target=\"_blank\" rel=\"noopener\">aici<\/a> mai multe detalii referitoare la admitere.<\/p>\n<\/blockquote>\n<h5><\/h5>\n<\/div>\n<\/div><\/div><\/div><\/div><\/div>","protected":false},"excerpt":{"rendered":"<p>Anul acesta, examenul pentru admiterea la Masterat se organizeaz\u0103 cu prezen\u021b\u0103 fizic\u0103 \u00een s\u0103lile ASE. Consult\u0103 aici mai multe detalii referitoare la admitere.<\/p>\n","protected":false},"author":1,"featured_media":0,"parent":0,"menu_order":0,"comment_status":"closed","ping_status":"closed","template":"page-templates\/page-builder.php","meta":{"footnotes":""},"class_list":["post-33","page","type-page","status-publish","hentry"],"_links":{"self":[{"href":"http:\/\/buss.ase.ro\/index.php\/wp-json\/wp\/v2\/pages\/33","targetHints":{"allow":["GET"]}}],"collection":[{"href":"http:\/\/buss.ase.ro\/index.php\/wp-json\/wp\/v2\/pages"}],"about":[{"href":"http:\/\/buss.ase.ro\/index.php\/wp-json\/wp\/v2\/types\/page"}],"author":[{"embeddable":true,"href":"http:\/\/buss.ase.ro\/index.php\/wp-json\/wp\/v2\/users\/1"}],"replies":[{"embeddable":true,"href":"http:\/\/buss.ase.ro\/index.php\/wp-json\/wp\/v2\/comments?post=33"}],"version-history":[{"count":13,"href":"http:\/\/buss.ase.ro\/index.php\/wp-json\/wp\/v2\/pages\/33\/revisions"}],"predecessor-version":[{"id":371,"href":"http:\/\/buss.ase.ro\/index.php\/wp-json\/wp\/v2\/pages\/33\/revisions\/371"}],"wp:attachment":[{"href":"http:\/\/buss.ase.ro\/index.php\/wp-json\/wp\/v2\/media?parent=33"}],"curies":[{"name":"wp","href":"https:\/\/api.w.org\/{rel}","templated":true}]}}