{"id":14,"date":"2024-07-18T10:42:15","date_gmt":"2024-07-18T10:42:15","guid":{"rendered":"http:\/\/buss.ase.ro\/?page_id=14"},"modified":"2025-01-20T11:17:33","modified_gmt":"2025-01-20T11:17:33","slug":"acasa","status":"publish","type":"page","link":"https:\/\/buss.ase.ro\/","title":{"rendered":"Acasa"},"content":{"rendered":"<div id=\"pl-14\"  class=\"panel-layout\" ><div id=\"pg-14-0\"  class=\"panel-grid panel-no-style\" ><div id=\"pgc-14-0-0\"  class=\"panel-grid-cell\" ><div id=\"panel-14-0-0-0\" class=\"so-panel widget widget_sow-editor panel-first-child\" data-index=\"0\" ><div\n\t\t\t\n\t\t\tclass=\"so-widget-sow-editor so-widget-sow-editor-base\"\n\t\t\t\n\t\t>\n<div class=\"siteorigin-widget-tinymce textwidget\">\n\t<h4 style=\"text-align: center;\"><span style=\"color: #000000;\"><strong>Programul de Masterat<\/strong><\/span><\/h4>\n<h4 style=\"text-align: center;\"><span style=\"color: #003399;\"><strong>Business<\/strong><\/span><\/h4>\n<blockquote>\n<p>Prin misiunea asumat\u0103 - Programul de masterat\u00a0\u00a0<strong>BUSINESS<\/strong> se concentreaz\u0103, ca arie tematic\u0103, pe discipline subsumate administr\u0103rii afacerilor. Menirea programului este aceea de a contribui la formarea \u015fi perfec\u0163ionarea resurselor umane \u00eenalt calificate \u00een domeniul administr\u0103rii afacerilor<em>,<\/em> programul se \u00eencadreaz\u0103 \u00een coordonatele misiunii generale a A.S.E., de a crea, valorifica \u015fi disemina cuno\u015ftin\u0163e, prin dezvoltarea unui mediu de cercetare \u015fi \u00eenv\u0103\u0163\u0103m\u00e2nt bazat pe excelen\u0163\u0103,\u00a0 \u00een care atragerea, dezvoltarea \u015fi promovarea valorilor \u015ftiin\u0163ifice \u015fi didactice primeaz\u0103.<\/p>\n<\/blockquote>\n<\/div>\n<\/div><\/div><div id=\"panel-14-0-0-1\" class=\"so-panel widget widget_sow-editor panel-last-child\" data-index=\"1\" ><div\n\t\t\t\n\t\t\tclass=\"so-widget-sow-editor so-widget-sow-editor-base\"\n\t\t\t\n\t\t>\n<div class=\"siteorigin-widget-tinymce textwidget\">\n\t<p style=\"text-align: center;\">ADMITERE PROGRAME UNIVERSITARE DE MASTERAT 2025<\/p>\n<p style=\"text-align: center;\">SESIUNEA VAR\u0102 2025<\/p>\n<p style=\"text-align: center;\">\u00ceNSCRIERI: 17 \u2013 21 Iulie (J-L), luni \u2013 p\u00e2na la ora \u00a016<sup>00<\/sup><\/p>\n<p style=\"text-align: center;\">-\u00censcrierea la concursul de admitere este realizat\u0103, exclusiv, \u00een platforma admitere.ase.ro, prin crearea unui cont personal al candidatului<\/p>\n<p style=\"text-align: center;\">Cifra de \u0219colarizare pentru anul universitar 2025 \u2013 2026 la programele de studii universitare de masterat \u2013 sesiunea IULIE:\u00a0<span style=\"color: #0000ff;\"><a style=\"color: #0000ff;\" href=\"http:\/\/buss.ase.ro\/wp-content\/uploads\/Propunere_oferta_scolarizare_masterat_iulie_2025.pdf\" target=\"_blank\" rel=\"noopener\">Vezi aici<\/a><\/span><\/p>\n<p style=\"text-align: center;\"><span style=\"color: #000000;\">Mai multe informa\u021bii despre admitere:<\/span> <span style=\"color: #0000ff;\"><a style=\"color: #0000ff;\" href=\"https:\/\/ase.ro\/admitere\/masterat\/\">https:\/\/ase.ro\/admitere\/masterat\/\u00a0<\/a><\/span><\/p>\n<p style=\"text-align: center;\"><a style=\"color: #ff0000;\" href=\"https:\/\/buss.ase.ro\/index.php\/curricula\/curricula-2024-2026\/\" target=\"_blank\" rel=\"noopener\">Vezi curricula 2024<\/a><\/p>\n<\/div>\n<\/div><\/div><\/div><\/div><div id=\"pg-14-1\"  class=\"panel-grid panel-no-style\" ><div id=\"pgc-14-1-0\"  class=\"panel-grid-cell\" ><div id=\"panel-14-1-0-0\" class=\"so-panel widget widget_sow-editor panel-first-child panel-last-child\" data-index=\"2\" ><div\n\t\t\t\n\t\t\tclass=\"so-widget-sow-editor so-widget-sow-editor-base\"\n\t\t\t\n\t\t>\n<div class=\"siteorigin-widget-tinymce textwidget\">\n\t<p style=\"text-align: center;\"><strong><span style=\"color: #020101;\">Prin parteneriatul cu prestigiosul organism de certificare RINA \u015fi Asocia\u0163ia BASIQ, absolven\u0163ii vor putea ob\u0163ine urm\u0103toarele certificate:<\/span><\/strong><\/p>\n<\/div>\n<\/div><\/div><\/div><\/div><div id=\"pg-14-2\"  class=\"panel-grid panel-no-style\" ><div id=\"pgc-14-2-0\"  class=\"panel-grid-cell\" ><div id=\"panel-14-2-0-0\" class=\"so-panel widget widget_sow-image panel-first-child panel-last-child\" data-index=\"3\" ><div class=\"panel-widget-style panel-widget-style-for-14-2-0-0\" ><div\n\t\t\t\n\t\t\tclass=\"so-widget-sow-image so-widget-sow-image-default-c67d20f9f743-14\"\n\t\t\t\n\t\t>\n\n<div class=\"sow-image-container\">\n\t\t<img loading=\"lazy\" decoding=\"async\" src=\"https:\/\/buss.ase.ro\/wp-content\/uploads\/Certificat-auditor-intern_2024.jpg\" width=\"177\" height=\"250\" sizes=\"auto, (max-width: 177px) 100vw, 177px\" title=\"Certificat auditor intern_2024\" alt=\"\" \t\tclass=\"so-widget-image\"\/>\n\t<\/div>\n\n<\/div><\/div><\/div><\/div><div id=\"pgc-14-2-1\"  class=\"panel-grid-cell\" ><div id=\"panel-14-2-1-0\" class=\"so-panel widget widget_sow-editor panel-first-child panel-last-child\" data-index=\"4\" ><div\n\t\t\t\n\t\t\tclass=\"so-widget-sow-editor so-widget-sow-editor-base\"\n\t\t\t\n\t\t>\n<div class=\"siteorigin-widget-tinymce textwidget\">\n\t<p style=\"text-align: center;\"><span style=\"color: #000000;\">Auditor Intern pentru Sisteme de Management al Calit\u0103\u0163ii ISO 9001<\/span><\/p>\n<p style=\"text-align: center;\"><span style=\"color: #000000;\">Manager Calitate<\/span><\/p>\n<p style=\"text-align: center;\"><span style=\"color: #000000;\">Antreprenoriat<\/span><\/p>\n<p style=\"text-align: center;\"><span style=\"color: #000000;\">Leadership<\/span><\/p>\n<\/div>\n<\/div><\/div><\/div><div id=\"pgc-14-2-2\"  class=\"panel-grid-cell\" ><div id=\"panel-14-2-2-0\" class=\"so-panel widget widget_sow-image panel-first-child panel-last-child\" data-index=\"5\" ><div\n\t\t\t\n\t\t\tclass=\"so-widget-sow-image so-widget-sow-image-default-c67d20f9f743-14\"\n\t\t\t\n\t\t>\n\n<div class=\"sow-image-container\">\n\t\t<img loading=\"lazy\" decoding=\"async\" src=\"https:\/\/buss.ase.ro\/wp-content\/uploads\/Certificat-de-participare-Networking-Intelligent.jpg\" width=\"323\" height=\"247\" srcset=\"https:\/\/buss.ase.ro\/wp-content\/uploads\/Certificat-de-participare-Networking-Intelligent.jpg 323w, https:\/\/buss.ase.ro\/wp-content\/uploads\/Certificat-de-participare-Networking-Intelligent-300x229.jpg 300w\" sizes=\"auto, (max-width: 323px) 100vw, 323px\" title=\"Certificat de participare &#8211; Networking Intelligent\" alt=\"\" \t\tclass=\"so-widget-image\"\/>\n\t<\/div>\n\n<\/div><\/div><\/div><\/div><div id=\"pg-14-3\"  class=\"panel-grid panel-no-style\" ><div id=\"pgc-14-3-0\"  class=\"panel-grid-cell\" ><div id=\"panel-14-3-0-0\" class=\"so-panel widget widget_sow-editor panel-first-child panel-last-child\" data-index=\"6\" ><div\n\t\t\t\n\t\t\tclass=\"so-widget-sow-editor so-widget-sow-editor-base\"\n\t\t\t\n\t\t>\n<div class=\"siteorigin-widget-tinymce textwidget\">\n\t<h3 style=\"text-align: center;\"><strong>Testimoniale<\/strong><\/h3>\n<\/div>\n<\/div><\/div><\/div><\/div><div id=\"pg-14-4\"  class=\"panel-grid panel-no-style\" ><div id=\"pgc-14-4-0\"  class=\"panel-grid-cell\" ><div id=\"panel-14-4-0-0\" class=\"so-panel widget widget_sow-image panel-first-child panel-last-child\" data-index=\"7\" ><div\n\t\t\t\n\t\t\tclass=\"so-widget-sow-image so-widget-sow-image-default-c67d20f9f743-14\"\n\t\t\t\n\t\t>\n\n<div class=\"sow-image-container\">\n\t\t<img loading=\"lazy\" decoding=\"async\" src=\"https:\/\/buss.ase.ro\/wp-content\/uploads\/BUS_Testimoniale-2024_2-e1721313619685.png\" width=\"480\" height=\"480\" sizes=\"auto, (max-width: 480px) 100vw, 480px\" title=\"BUS_Testimoniale 2024_2\" alt=\"\" \t\tclass=\"so-widget-image\"\/>\n\t<\/div>\n\n<\/div><\/div><\/div><\/div><div id=\"pg-14-5\"  class=\"panel-grid panel-no-style\" ><div id=\"pgc-14-5-0\"  class=\"panel-grid-cell\" ><div id=\"panel-14-5-0-0\" class=\"so-panel widget widget_sow-post-carousel panel-first-child panel-last-child\" data-index=\"8\" ><div\n\t\t\t\n\t\t\tclass=\"so-widget-sow-post-carousel so-widget-sow-post-carousel-base-f79712cd714a-14\"\n\t\t\t\n\t\t>\t<div\n\t\tclass=\"sow-post-carousel-wrapper sow-post-carousel-theme-base\"\n\t\tstyle=\"overflow: hidden; max-width: 100%; min-height: 182px\"\n\t>\n\t\t<div class=\"sow-carousel-title\">\n\t\t\t<div class=\"sow-carousel-navigation \">\n\t\t\t\t\t\t<a href=\"#\" class=\"sow-carousel-next\" title=\"Next\" aria-label=\"Next Posts\" role=\"button\"><\/a>\n\t\t\t\t\t\t<a href=\"#\" class=\"sow-carousel-previous\" title=\"Previous\" aria-label=\"Previous Posts\" role=\"button\"><\/a>\n\t\t\t\t\t<\/div>\n\t<\/div>\n\n<div class=\"sow-carousel-container \">\n\t\t<div class=\"sow-carousel-wrapper\"\n\t\tdata-dir=\"ltr\"\n\t\tstyle=\"opacity: 0;\"\n\t\tdata-widget=\"post\" data-fetching=\"false\" data-page=\"1\" data-ajax-url=\"https:\/\/buss.ase.ro\/wp-admin\/admin-ajax.php?_widgets_nonce=af5829df0c\" data-item_count=\"5\" data-carousel_settings=\"{&quot;loop&quot;:true,&quot;animation&quot;:&quot;ease&quot;,&quot;animation_speed&quot;:400,&quot;autoplay&quot;:&quot;&quot;,&quot;pauseOnHover&quot;:&quot;&quot;,&quot;autoplaySpeed&quot;:8000,&quot;item_overflow&quot;:true,&quot;autoplay_continuous_scroll&quot;:false}\" data-responsive=\"{&quot;desktop_slides_to_scroll&quot;:1,&quot;tablet_landscape_breakpoint&quot;:1366,&quot;tablet_landscape_slides_to_scroll&quot;:2,&quot;tablet_portrait_breakpoint&quot;:1025,&quot;tablet_portrait_slides_to_scroll&quot;:2,&quot;mobile_breakpoint&quot;:480,&quot;mobile_slides_to_scroll&quot;:1}\" data-variable_width=\"true\" \t>\n\t\t<div\n\t\t\tclass=\"sow-carousel-items\"\n\t\t\t\t\t>\n\t\t\t\t<div class=\"sow-carousel-item\" tabindex=\"-1\" style=\"float: left;\">\n\t\t<div class=\"sow-carousel-thumbnail\">\n\t\t\t\t\t\t\t<a\n\t\t\t\t\thref=\"https:\/\/buss.ase.ro\/index.php\/2024\/07\/10\/admitere-2024\/\"\n\t\t\t\t\t\t\t\t\t\tstyle=\"background-image: url( https:\/\/buss.ase.ro\/wp-content\/uploads\/admMaster-272x182.png )\"\n\t\t\t\t\taria-labelledby=\"sow-carousel-id-348\"\n\t\t\t\t\ttabindex=\"-1\"\n\t\t\t\t>\n\t\t\t\t\t<span class=\"overlay\"><\/span>\n\t\t\t\t<\/a>\n\t\t\t\t\t<\/div>\n\t\t<h3 class=\"sow-carousel-item-title\">\n\t\t\t<a\n\t\t\t\thref=\"https:\/\/buss.ase.ro\/index.php\/2024\/07\/10\/admitere-2024\/\"\n\t\t\t\tid=\"sow-carousel-id-348\"\n\t\t\t\t\t\t\t\ttabindex=\"-1\"\n\t\t\t>\n\n\t\t\t\tAdmitere 2024\t\t\t<\/a>\n\t\t<\/h3>\n\t<\/div>\n\t<div class=\"sow-carousel-item\" tabindex=\"-1\" style=\"float: left;\">\n\t\t<div class=\"sow-carousel-thumbnail\">\n\t\t\t\t\t\t\t<a\n\t\t\t\t\thref=\"https:\/\/buss.ase.ro\/index.php\/2020\/07\/07\/admitere-2020\/\"\n\t\t\t\t\t\t\t\t\t\tstyle=\"background-image: url( https:\/\/buss.ase.ro\/wp-content\/uploads\/admMaster-272x182.png )\"\n\t\t\t\t\taria-labelledby=\"sow-carousel-id-288\"\n\t\t\t\t\ttabindex=\"-1\"\n\t\t\t\t>\n\t\t\t\t\t<span class=\"overlay\"><\/span>\n\t\t\t\t<\/a>\n\t\t\t\t\t<\/div>\n\t\t<h3 class=\"sow-carousel-item-title\">\n\t\t\t<a\n\t\t\t\thref=\"https:\/\/buss.ase.ro\/index.php\/2020\/07\/07\/admitere-2020\/\"\n\t\t\t\tid=\"sow-carousel-id-288\"\n\t\t\t\t\t\t\t\ttabindex=\"-1\"\n\t\t\t>\n\n\t\t\t\tAdmitere 2020\t\t\t<\/a>\n\t\t<\/h3>\n\t<\/div>\n\t<div class=\"sow-carousel-item\" tabindex=\"-1\" style=\"float: left;\">\n\t\t<div class=\"sow-carousel-thumbnail\">\n\t\t\t\t\t\t\t<a\n\t\t\t\t\thref=\"https:\/\/buss.ase.ro\/index.php\/2019\/06\/13\/admitere-2019\/\"\n\t\t\t\t\t\t\t\t\t\tstyle=\"background-image: url( https:\/\/buss.ase.ro\/wp-content\/uploads\/slide01-1.jpg )\"\n\t\t\t\t\taria-labelledby=\"sow-carousel-id-285\"\n\t\t\t\t\ttabindex=\"-1\"\n\t\t\t\t>\n\t\t\t\t\t<span class=\"overlay\"><\/span>\n\t\t\t\t<\/a>\n\t\t\t\t\t<\/div>\n\t\t<h3 class=\"sow-carousel-item-title\">\n\t\t\t<a\n\t\t\t\thref=\"https:\/\/buss.ase.ro\/index.php\/2019\/06\/13\/admitere-2019\/\"\n\t\t\t\tid=\"sow-carousel-id-285\"\n\t\t\t\t\t\t\t\ttabindex=\"-1\"\n\t\t\t>\n\n\t\t\t\tAdmitere 2019\t\t\t<\/a>\n\t\t<\/h3>\n\t<\/div>\n\t<div class=\"sow-carousel-item\" tabindex=\"-1\" style=\"float: left;\">\n\t\t<div class=\"sow-carousel-thumbnail\">\n\t\t\t\t\t\t\t<a\n\t\t\t\t\thref=\"https:\/\/buss.ase.ro\/index.php\/2019\/03\/06\/sesiuni-de-instruire-destinate-studentilor-de-la-programele-de-studii-master\/\"\n\t\t\t\t\t\t\t\t\t\tstyle=\"background-image: url( https:\/\/buss.ase.ro\/wp-content\/uploads\/sesiuni_instruire_2019_2-272x182.jpg )\"\n\t\t\t\t\taria-labelledby=\"sow-carousel-id-274\"\n\t\t\t\t\ttabindex=\"-1\"\n\t\t\t\t>\n\t\t\t\t\t<span class=\"overlay\"><\/span>\n\t\t\t\t<\/a>\n\t\t\t\t\t<\/div>\n\t\t<h3 class=\"sow-carousel-item-title\">\n\t\t\t<a\n\t\t\t\thref=\"https:\/\/buss.ase.ro\/index.php\/2019\/03\/06\/sesiuni-de-instruire-destinate-studentilor-de-la-programele-de-studii-master\/\"\n\t\t\t\tid=\"sow-carousel-id-274\"\n\t\t\t\t\t\t\t\ttabindex=\"-1\"\n\t\t\t>\n\n\t\t\t\tSesiuni de instruire destinate studen\u021bilor de la programele de studii Master\t\t\t<\/a>\n\t\t<\/h3>\n\t<\/div>\n\t<div class=\"sow-carousel-item\" tabindex=\"-1\" style=\"float: left;\">\n\t\t<div class=\"sow-carousel-thumbnail\">\n\t\t\t\t\t\t\t<a\n\t\t\t\t\thref=\"https:\/\/buss.ase.ro\/index.php\/2018\/07\/11\/admitere-2018\/\"\n\t\t\t\t\t\t\t\t\t\tstyle=\"background-image: url( https:\/\/buss.ase.ro\/wp-content\/uploads\/student_PNG169.png )\"\n\t\t\t\t\taria-labelledby=\"sow-carousel-id-65\"\n\t\t\t\t\ttabindex=\"-1\"\n\t\t\t\t>\n\t\t\t\t\t<span class=\"overlay\"><\/span>\n\t\t\t\t<\/a>\n\t\t\t\t\t<\/div>\n\t\t<h3 class=\"sow-carousel-item-title\">\n\t\t\t<a\n\t\t\t\thref=\"https:\/\/buss.ase.ro\/index.php\/2018\/07\/11\/admitere-2018\/\"\n\t\t\t\tid=\"sow-carousel-id-65\"\n\t\t\t\t\t\t\t\ttabindex=\"-1\"\n\t\t\t>\n\n\t\t\t\tAdmitere 2018\t\t\t<\/a>\n\t\t<\/h3>\n\t<\/div>\n\t\t<\/div>\n\t\t\t<\/div>\n\n\t<\/div>\n\t\t<input type=\"hidden\" name=\"instance_hash\" value=\"98bb8762\"\/>\n\t<\/div>\n<\/div><\/div><\/div><\/div><div id=\"pg-14-6\"  class=\"panel-grid panel-no-style\" ><div id=\"pgc-14-6-0\"  class=\"panel-grid-cell panel-grid-cell-empty\" ><\/div><\/div><\/div>","protected":false},"excerpt":{"rendered":"<p>Programul de Masterat Business Prin misiunea asumat\u0103 &#8211; Programul de masterat\u00a0\u00a0BUSINESS se concentreaz\u0103, ca arie tematic\u0103, pe discipline subsumate administr\u0103rii afacerilor. Menirea programului este aceea de a contribui la formarea \u015fi perfec\u0163ionarea resurselor umane \u00eenalt calificate \u00een domeniul administr\u0103rii afacerilor,<\/p>\n","protected":false},"author":1,"featured_media":0,"parent":0,"menu_order":0,"comment_status":"closed","ping_status":"closed","template":"","meta":{"footnotes":""},"class_list":["post-14","page","type-page","status-publish","hentry"],"_links":{"self":[{"href":"https:\/\/buss.ase.ro\/index.php\/wp-json\/wp\/v2\/pages\/14","targetHints":{"allow":["GET"]}}],"collection":[{"href":"https:\/\/buss.ase.ro\/index.php\/wp-json\/wp\/v2\/pages"}],"about":[{"href":"https:\/\/buss.ase.ro\/index.php\/wp-json\/wp\/v2\/types\/page"}],"author":[{"embeddable":true,"href":"https:\/\/buss.ase.ro\/index.php\/wp-json\/wp\/v2\/users\/1"}],"replies":[{"embeddable":true,"href":"https:\/\/buss.ase.ro\/index.php\/wp-json\/wp\/v2\/comments?post=14"}],"version-history":[{"count":78,"href":"https:\/\/buss.ase.ro\/index.php\/wp-json\/wp\/v2\/pages\/14\/revisions"}],"predecessor-version":[{"id":370,"href":"https:\/\/buss.ase.ro\/index.php\/wp-json\/wp\/v2\/pages\/14\/revisions\/370"}],"wp:attachment":[{"href":"https:\/\/buss.ase.ro\/index.php\/wp-json\/wp\/v2\/media?parent=14"}],"curies":[{"name":"wp","href":"https:\/\/api.w.org\/{rel}","templated":true}]}}